hat is the greatest common divisor of 137435 and 44370?
5
What is the greatest common divisor of 130 and 8758970?
10
What is the highest common divisor of 96 and 46910424?
24
What is the greatest common divisor of 10292 and 9415816?
124
Calculate the highest common factor of 29168 and 10635382.
3646
What is the greatest common factor of 95892 and 94489?
61
Calculate the highest common divisor of 155740 and 1152190.
130
Calculate the greatest common factor of 9 and 17408253.
3
What is the greatest common divisor of 776844 and 52?
4
Calculate the greatest common factor of 88 and 63665107.
11
What is the highest common factor of 1445947 and 5?
1
Calculate the greatest common factor of 9520 and 17129.
7
What is the greatest common factor of 24255 and 150513055?
2695
Calculate the highest common divisor of 4870950 and 8610.
210
Calculate the greatest common factor of 793227 and 78.
3
What is the highest common divisor of 412587 and 1043?
7
Calculate the greatest common factor of 4168 and 4720.
8
What is the greatest common divisor of 376 and 5085416?
8
Calculate the greatest common divisor of 6475700 and 880.
220
Calculate the highest common factor of 304224876 and 36.
36
What is the highest common factor of 38847 and 7571787?
1689
Calculate the greatest common divisor of 27164434 and 220.
22
What is the highest common factor of 5615734 and 1682?
58
What is the highest common divisor of 6561 and 4419?
9
Calculate the highest common factor of 15809220 and 34860.
420
What is the greatest common divisor of 140 and 10837470?
70
What is the highest common divisor of 10131 and 4366923?
33
What is the greatest common factor of 1046 and 47915691?
523
Calculate the greatest common divisor of 1049544 and 2967.
129
What is the greatest common divisor of 2030649 and 3?
3
What is the greatest common divisor of 13890417 and 3?
3
Calculate the greatest common factor of 189 and 28525140.
63
Calculate the greatest common factor of 904410 and 255.
15
What is the highest common factor of 2709457 and 988?
19
What is the highest common divisor of 56397392 and 74576?
944
Calculate the greatest common divisor of 39684 and 18609.
3
Calculate the highest common factor of 2541 and 178836.
21
Calculate the greatest common factor of 24309236 and 8.
4
What is the greatest common divisor of 842 and 55513481?
421
Calculate the greatest common factor of 353159 and 559.
43
Calculate the highest common divisor of 1211 and 11306415.
173
What is the highest common factor of 1151078 and 3385342?
3086
Calculate the highest common divisor of 16400936 and 4974.
1658
What is the greatest common divisor of 13800 and 7296?
24
What is the greatest common factor of 4936 and 84896?
8
Calculate the greatest common divisor of 207900 and 593730.
270
Calculate the greatest common divisor of 16801962 and 870.
174
Calculate the highest common factor of 113 and 15579988.
113
Calculate the greatest common divisor of 32 and 14491240.
8
Calculate the highest common factor of 202249 and 1819.
17
What is the highest common divisor of 1837479 and 2023?
119
What is the highest common factor of 69750 and 19575?
225
What is the highest common divisor of 6873 and 4964597?
2291
Calculate the highest common divisor of 2412426 and 14.
2
What is the highest common factor of 140 and 11189969?
7
Calculate the highest common divisor of 1770478 and 468.
2
Calculate the highest common divisor of 292 and 231337.
73
Calculate the highest common divisor of 8688903 and 116975.
4679
What is the greatest common divisor of 608 and 851032496?
304
What is the greatest common divisor of 10952330 and 260?
10
Calculate the highest common factor of 19688 and 960664.
184
What is the highest common divisor of 846 and 42627449?
47
What is the greatest common divisor of 38343115 and 3941?
563
What is the highest common divisor of 12112302 and 318?
318
What is the highest common factor of 17196 and 1520413?
1433
Calculate the highest common divisor of 1003138 and 3873563.
6043
Calculate the greatest common divisor of 453687 and 78.
39
What is the greatest common factor of 57962 and 204254?
146
What is the greatest common divisor of 2415318 and 1938?
114
Calculate the greatest common divisor of 1426 and 4130474596.
1426
What is the greatest common divisor of 12 and 410514564?
12
Calculate the greatest common factor of 945 and 11943099.
189
Calculate the highest common factor of 47429 and 86.
43
Calculate the greatest common factor of 1165311 and 468573.
1113
Calculate the greatest common divisor of 2288 and 3558395984.
2288
What is the greatest common factor of 1735756 and 35123?
1133
Calculate the highest common divisor of 15502 and 343066.
674
Calculate the highest common divisor of 35214 and 3342.
6
What is the highest common divisor of 9342 and 90234?
54
What is the greatest common divisor of 864 and 297213408?
864
What is the highest common divisor of 230 and 14981786?
46
Calculate the greatest common divisor of 2764849 and 139.
139
What is the greatest common factor of 3528 and 31538556?
1764
Calculate the highest common divisor of 423808 and 8.
8
What is the greatest common divisor of 25341921 and 72?
9
Calculate the highest common divisor of 41641906 and 194.
194
What is the greatest common factor of 53711 and 17126136?
7673
What is the highest common divisor of 1654 and 15807278?
1654
Calculate the highest common factor of 28782 and 405162.
2214
Calculate the highest common factor of 507312 and 79209.
117
What is the greatest common factor of 69390357 and 2427?
2427
Calculate the greatest common factor of 21769 and 63153848.
1979
What is the highest common factor of 15960319 and 332?
83
Calculate the highest common factor of 1236758 and 787532.
5546
Calculate the highest common divisor of 7301 and 2781877.
49
Calculate the greatest common factor of 506884 and 7716088.
1684
Calculate the greatest common factor of 17542 and 362660802.
2506
What is the greatest common factor of 11715 and 50763438?
2343
What is the highest common divisor of 4189274 and 10?
2
What is the greatest common divisor of 13019 and 1414700?
47
Calculate the greatest common divisor of 59715819 and 1812.
453
Calculate the greatest common divisor of 55 and 21212235.
55
What is the highest common divisor of 2872 and 2234058436?
1436
Calculate the greatest common divisor of 12025555 and 740.
185
What is the greatest common factor of 1093106986 and 82?
82
Calculate the greatest common divisor of 586158880 and 16080.
5360
Calculate the greatest common divisor of 15882539 and 697.
697
What is the highest common divisor of 36499 and 1841787?
113
Calculate the greatest common factor of 32953053 and 861.
861
Calculate the highest common divisor of 7400 and 2553925.
925
What is the greatest common factor of 108 and 232004316?
12
Calculate the greatest common factor of 4425024 and 1653.
57
Calculate the highest common divisor of 725 and 1528677.
29
What is the greatest common factor of 118496 and 106720?
736
Calculate the highest common divisor of 318734 and 52726.
82
What is the highest common divisor of 32731 and 244453?
71
Calculate the greatest common factor of 10005 and 140947105.
3335
What is the greatest common divisor of 3375 and 2700729?
27
What is the highest common divisor of 9 and 40023?
9
What is the highest common factor of 63229000 and 1696?
424
What is the highest common divisor of 807543 and 9?
9
Calculate the highest common factor of 140555 and 940.
5
Calculate the highest common divisor of 85168083 and 3949.
3949
Calculate the highest common divisor of 321657 and 819168.
1113
What is the highest common factor of 5376 and 2125568?
256
What is the greatest common factor of 20662990 and 170?
170
What is the greatest common factor of 87300 and 15625?
25
What is the highest common factor of 214611 and 945?
3
Calculate the highest common factor of 39942 and 149373.
63
Calculate the greatest common divisor of 150 and 203480760.
30
Calculate the greatest common factor of 3055868 and 256.
4
What is the highest common divisor of 513714 and 30?
6
Calculate the greatest common divisor of 286 and 4021576.
26
What is the highest common divisor of 10000 and 94404?
4
What is the highest common factor of 4149992 and 155848?
616
What is the greatest common factor o